*y + g. Let m = y - -704. What is the tens digit of m?
8
Let j = 24042 + -12884. What is the units digit of j?
8
Let k(l) = -22*l**2 - 22*l - 1. Let y be k(-8). What is the units digit of 1 + -1 + 2/((-18)/y)?
7
Suppose 35*p - 39*p + 20 = 0. What is the units digit of 5*1/p + (1 - -784)?
6
Let f be (1 + -21)*(8 - 105/12). Let k be f - 2/(2/5). Suppose k*w + 376 = 12*w. What is the units digit of w?
8
Suppose 4 = -10*h - 26. What is the units digit of (-3 + h)*-3*(-244)/(-6)?
2
Let z = 354 + -355. What is the units digit of z/4 - (-1012)/16?
3
Suppose -8*h = 10*h - 13*h + 50*h. Let z(b) = 15*b + 4. Let a be z(3). Suppose 0 = 2*p - d - 77, -p - 3*d = -h*p - a. What is the tens digit of p?
4
Let h(m) = 4 - 3 + 7*m**2 + 6*m - 2*m**2 + 7. Let u(k) = 9*k + 203. Let t be u(-23). What is the units digit of h(t)?
4
Let b = 1005 - 997. What is the tens digit of (-746)/6*(-1 - b)?
1
Let u(i) = 190*i**2 - 145*i - 29. What is the hundreds digit of u(-10)?
4
Let m(d) = 23*d - 1. Let g(u) = 46*u - 2. Let c(w) = -3*g(w) + 5*m(w). Let x be c(-1). Suppose z - x = -0*z. What is the tens digit of z?
2
Suppose 2*n - 5*k = -140673, -2*n + 3*k - 8*k - 140643 = 0. What is the tens digit of 1*(-4)/(-26) + n/(-91)?
7
Let n be (-45)/(-6)*6/9. Suppose 0 = -3*t - 5*w + 371, -4*w + 562 = n*t - 78. Let l = -24 + t. What is the tens digit of l?
0
Let q = 1 + -8. Let s = q + 3. What is the tens digit of (-330)/s*((-48)/(-18) + -2)?
5
Let n(t) = t**3 + 3*t**2 - 7*t - 6. Let d be n(9). Let x = d - -386. What is the units digit of x?
9
Let g(w) = w**2 - 3*w + 5. Let b be g(3). Suppose 2386 = b*y + 4*r - 1804, 3*r = 2*y - 1699. What is the hundreds digit of y?
8
Let x = 285 - -204. Let v be x*(3 - 2)/1. Suppose 0 = b + 2*b - v. What is the units digit of b?
3
Let l(x) = -x**3 + 94*x**2 - 145*x - 739. What is the units digit of l(92)?
9
Let n = -81 + 204. What is the hundreds digit of n?
1
Let d(k) be the second derivative of 11*k**3/6 + 28*k**2 + 9*k + 3. What is the hundreds digit of d(28)?
3
Let t(f) = 62*f**3 - 7*f**2 + 19*f - 30. Let h be t(6). Suppose 0 = 22*i - 3*i - h. What is the tens digit of i?
9
Let l(a) be the third derivative of 2*a**5/5 - 13*a**4/24 + 4*a**3/3 + 4*a**2 - 4. What is the hundreds digit of l(6)?
7
Let s(p) = 57*p + 114. Let w(b) = 58*b + 116. Let k(d) = -2*s(d) + 3*w(d). What is the tens digit of k(16)?
8
Let f(y) = 20*y**2 + 2*y + 49. Let p be f(-6). Suppose 0 = 2*a - 127 - p. What is the hundreds digit of a?
4
Let r = 198 + -193. Suppose 5*x - 228 = 4*x - r*g, 4*x - 3*g - 935 = 0. What is the units digit of x?
3
Let m(d) = d**3 - 5*d**2 + 5*d - 9. Let g be m(4). Let q be (g - -35)*1/(-3). What is the units digit of q*-3*3/(-27)*-6?
0
Suppose 34*l - 271092 = -42*l. What is the hundreds digit of l?
5
Suppose -684 = 9*m - 166862 - 35854. What is the hundreds digit of m?
4
Let u(l) = 78*l + 102. Let c be u(31). Suppose 0 = 40*k - 54*k + c. What is the tens digit of k?
8
Let p(k) = -30*k**2 + 5*k - 5. Let i be p(1). Let y = i - -204. What is the hundreds digit of y?
1
Let u be ((-7)/(-3))/((-27)/(-81)). Let y(z) = -u + 5*z - 3*z + 12*z + z. What is the units digit of y(1)?
8
Suppose g - 4*d - 18 = -2*g, -3*d + 1 = 5*g. Let h(b) = 9*b + 2*b - 43 - b + g*b. What is the tens digit of h(7)?
4
Let o(p) = -22*p + 16315. What is the ten thousands digit of o(0)?
1
Let b be 2 + 10 + 1*(-12)/(-4). Let c be (b/(-10))/(526/(-176) - -3). What is the units digit of (10/8)/((-3)/c*1)?
5
What is the units digit of 5 - ((-347634)/35 - 3/5)?
8
Let m = 142461 + -74508. What is the ten thousands digit of m?
6
Suppose -19*k - 30*k + 1350756 = 17*k. What is the units digit of k?
6
Suppose 34*q - 226134 = -1496. What is the thousands digit of q?
6
Suppose 0 = 60*s - 55*s - 640. Suppose 2*q + 3*k = k + s, -4*q + 249 = -3*k. What is the units digit of q?
3
Let z = -667 + 600. Let x = 359 - z. What is the hundreds digit of x?
4
Suppose -2*d - 76 = -136. What is the tens digit of d?
3
Suppose -514*n + 70048 = -503*n. What is the tens digit of n?
6
Suppose -506 = 25*x - 121356. What is the thousands digit of x?
4
Suppose -14*g = -17 - 39. Suppose -5*n = 3*v - 48, -4*v = -2*n - 5*v + 20. Let s = n - g. What is the units digit of s?
8
What is the ten thousands digit of 3/10 + 266327/10?
2
Let l(v) be the second derivative of v**5/10 + v**4/12 - v**3/6 + 2*v**2 + 4*v. Let w be l(2). What is the tens digit of ((-1910)/w)/(-1) + (-56)/(-308)?
8
Suppose -5*t = 25, n + 1239 - 21791 = 4*t. Suppose -n = -20*g - 4672. What is the hundreds digit of g?
7
Suppose y + 874 = 869. Let p(i) = -7*i**3 - 7*i**2 - i - 3. What is the hundreds digit of p(y)?
7
Suppose -82 = -5*a - 7. Let u(l) = a - 1 - 4*l + 3*l. What is the units digit of u(11)?
3
Suppose 0 = -2134*q + 2190*q - 1105608. What is the hundreds digit of q?
7
Let s(x) = 464*x**3 - 10*x**2 + x - 13. What is the ten thousands digit of s(5)?
5
Let l(b) = 23*b**2 - 3*b + 7. Let q be l(6). Suppose q = -2*v + 2081. What is the hundreds digit of v?
6
Suppose -2*h + 3*c + 19 = 2*c, 2*c = 2*h - 20. Suppose 2534 + 427 = h*i. What is the units digit of i?
9
Let b(j) = -8*j**2 - 24*j - 63. Let p(z) = 10*z**2 + 23*z + 61. Let n(f) = -3*b(f) - 2*p(f). What is the thousands digit of n(15)?
1
Let c = 11519 + 1995. What is the hundreds digit of c?
5
Let t(k) = 2*k**3 - 10*k**2 - 63*k + 35. What is the units digit of t(19)?
6
Suppose 0 = 4*i - i - 6, -3*u + 32 = -2*i. Suppose 3*v = y - 193, -y + 13*v = u*v - 185. What is the hundreds digit of y?
1
Suppose c - 205 = 5*q, 3*c + 2*q - 385 - 264 = 0. Let r be 1260/(-17) - (-10)/85. Let o = r + c. What is the units digit of o?
1
What is the thousands digit of 5 + -13 - (10 + -14227 + -11)?
4
Suppose -5*o - 3*f = 0, f + 20 = 2*o + 3*o. Let t be (-8)/6 + (-364)/(-84). Suppose 3*c - 223 = 2*n, -o*n = -t*c + n + 221. What is the tens digit of c?
7
Let w(q) = q + 3. Let u(c) = 19*c - 245. Let z(y) = u(y) - 4*w(y). What is the units digit of z(41)?
8
Suppose -10 = -s + 3*p, -6*s + 3*s - 3*p = -6. Suppose 4*d = -3*v + 2844, -5027 = -5*d - s*v - 1471. What is the units digit of d?
8
Let b = 6 - -140. Let d = b - 117. Suppose -d = 6*i - 95. What is the units digit of i?
1
Suppose 4*t + 3*c + 189 = 0, -c = -t - 59 + 3. Let v = 79 + t. What is the units digit of (-2 - 40)*(2 + v/(-12))?
4
Let i(j) = 70*j**3 - j**2 + 2*j. Let r be i(1). Suppose -68 = w - r. Suppose -5*h - w*p = 2*p - 560, -3*p - 324 = -3*h. What is the hundreds digit of h?
1
What is the units digit of (-96)/180*5*(-435 + 0) - 3?
7
Let p = 203 - 195. Suppose 3*j - 180 = -2*z, 2*j - p = 2*z + 102. What is the tens digit of j?
5
Suppose v + 92067 = 5*z - 138010, 24 = 3*v. What is the tens digit of z?
1
Let u = 280 - 267. Suppose 575 = -u*f + 9597. What is the hundreds digit of f?
6
What is the ten thousands digit of (-7)/((-1617)/4024966) + 4/(-42)?
1
Let p(o) = 22*o + 44. Let d be p(-44). Let y = d + 1280. What is the hundreds digit of y?
3
Let g = 105 - 105. Suppose -2*p = 4*d - g*d - 1502, 2*p + 1900 = 5*d. What is the tens digit of d?
7
Let h = 5208 + -2912. Let z be (18/10)/(72/360). Suppose x = z*x - h. What is the hundreds digit of x?
2
Let j = -53 - -61. Suppose g + j = 10. What is the units digit of (14/8)/(g/56)?
9
Let o = 1026 - 497. Suppose 14*h - 17763 = -o. What is the tens digit of h?
3
Let y = 13863 + -7669. What is the thousands digit of y?
6
Suppose 7*n - 43582 = -5*l + 4*n, l - 8714 = -n. What is the thousands digit of l?
8
Let z be (-2 - (3 - 2))*(-16)/(-12). Let d = z - -14. Suppose d*p = 5*p + 75. What is the units digit of p?
5
Let x(k) = -9*k**2 - 9*k + 29. Let i(c) = -6*c**2 - 4*c + 15. Let p(n) = -5*i(n) + 3*x(n). What is the hundreds digit of p(-15)?
7
Let s = -32 - -35. Suppose r = -2*f - 15, -4*r - s*f - 6 - 29 = 0. What is the units digit of (16/10)/(-4) - 112/r?
2
What is the units digit of 1005524/208 - 1/4?
4
Suppose 5*h = 2*h - 3*g + 459, -3*g - 647 = -4*h. Suppose h*k = 163*k - 1490. What is the tens digit of k?
9
Let k = 7 - 15. Let y be ((-22)/(-66))/((2/(-9))/2). What is the tens digit of (k/60*-213)/(y/(-15))?
4
What is the hundreds digit of (1/2)/((-438971)/73162 + -2 + 8)?
5
Let c be -10*((-21)/(-28))/((-6)/(-4)). Let l be 2/((-10)/c) + 556. Let r = l + -320. What is the units digit of r?
7
Let r(a) = -68*a - 50. Let